/(h/(-261))?
27
Suppose 0 = -a - 2*k + 200, -2*a + 399 = -3*k + 6*k. Calculate the remainder when a is divided by 67.
64
Let n(q) = -q**2 + 10*q - 16. Let f be n(2). Let b(p) = 16 - 3*p**2 + p**3 + 3*p - 4*p + 0*p + 4*p**2. What is the remainder when b(f) is divided by 6?
4
Calculate the remainder when 80 is divided by -8*(-18)/24*7.
38
Suppose 3*a = -4*s - 78, 3*s + 3*a + 62 - 2 = 0. Calculate the remainder when 40/180 + (-770)/s is divided by 15.
13
Let u(v) = -v**2 + 45*v + 114. What is the remainder when u(44) is divided by 63?
32
Let r(n) = -n**3 + 15*n**2 - 18*n - 5. Let v be r(14). Let p = 43 + v. What is the remainder when 35 is divided by (9/6)/(-3)*p?
8
Let s(r) = r - 2. Let h be s(7). Suppose 2*c + 124 = 4*j, 2*j - 79 = h*c - 9. What is the remainder when 57 is divided by j?
27
Suppose 0 = -z - 5*f, -5*z + 15 = f - 9. Suppose -3*x - 9 = 0, z*u + 3*x - 92 = 54. Calculate the remainder when u is divided by (-3)/(-1) + 6 - 2/(-1).
9
Let t = 371 - 357. What is the remainder when 63 is divided by t?
7
Let t(n) = -n**2 + 7*n + 6. Let h be t(8). Calculate the remainder when ((-6)/(-9))/(h/(-267)) is divided by 30.
29
Suppose 3*y - 40 = -5*a, 4*y - 3*a - 33 = 2*y. Calculate the remainder when 403 is divided by y.
13
Suppose 5*g = 2*g + 135. Suppose 44*f - 40*f = 64. Calculate the remainder when g is divided by f.
13
Suppose -45*x + 75*x - 1920 = 0. Calculate the remainder when x is divided by 11.
9
Suppose -4*c = 10*c - 378. What is the remainder when c is divided by 19?
8
Let n(s) = -s**3 - 9*s**2 + 6*s - 19. Let h = 4 - -9. What is the remainder when n(-10) is divided by h?
8
Suppose -8*y - 899 + 2491 = 0. Suppose -129 = -8*w + y. Calculate the remainder when w is divided by 11.
8
Let m(v) = -3*v + 3. Let s(z) = -7*z + 6. Let d(n) = -5*m(n) + 2*s(n). Let o be d(5). Calculate the remainder when 6 is divided by -1 + 1 - (-8)/o.
2
Let a be (-13520)/(-55) - (-4)/22. Suppose 3*c + 3*c = a. Calculate the remainder when c is divided by 14.
13
Let p = -11 + 20. Suppose -3*l + 5*x = -44, x + 32 = 2*l - 3*x. Suppose -p = -m - l. Calculate the remainder when 1 is divided by m.
0
Let f = -21 + 14. Let w = f - -49. What is the remainder when w is divided by 9?
6
Let u = 311 + -503. Let j be 0 - u/(1 + 2). Let z = -27 + j. What is the remainder when z is divided by 19?
18
Let y = -20 + 56. Suppose o = -19 + y. What is the remainder when 32 is divided by o?
15
Let w(c) = -3*c**2 - 25*c + 14. What is the remainder when 86 is divided by w(-8)?
20
Let o = -70 - -30. Let v = 54 + o. Let y = -32 + 87. Calculate the remainder when y is divided by v.
13
Let h be (-1)/3*0/17. Let l(a) = a + 5. Calculate the remainder when 22 is divided by l(h).
2
Let m(o) = -45*o - 2. Let s = 519 - 474. What is the remainder when m(-2) is divided by s?
43
Let t(v) = -20*v + 141. Calculate the remainder when t(4) is divided by 5.
1
Let k = 71 + -61. Let u(f) = -f**3 - 7*f**2 - 6*f + 5. What is the remainder when u(-7) is divided by k?
7
Let z = 257 + -223. Calculate the remainder when z is divided by 6.
4
Let y(m) = -m**2 - 6*m + 7. Suppose u + 2 - 4 = 0. Suppose 2*n - u*c = -2, 2*n - 5*c = 7*n - 25. Calculate the remainder when y(-6) is divided by n.
1
Let s(r) = -r + 1. Let a be s(-4). Suppose a*p + 19 - 104 = 0. Suppose -3850 = -68*l - 9*l. What is the remainder when l is divided by p?
16
Suppose 0 = -5*p + 2*p - 60. Calculate the remainder when 63 is divided by -4 - 1 - -1 - p.
15
Let v(u) = -u**3 - 9*u**2 + 4*u - 11. Suppose -65 = 6*b - 5. Calculate the remainder when v(b) is divided by 25.
24
Suppose 7*a = 11*a. Suppose -7*f + 2*f + 85 = a. Let m(b) = 2*b**2 - 12. Calculate the remainder when f is divided by m(-3).
5
Let x be (12 + -4)/2 - 0. Suppose 3*m - 9 = -3*j, -x*m + 5*m = -2*j + 7. Let p = 6 - -1. What is the remainder when p is divided by j?
3
Let g(j) = -j**2 - 2*j. Let a be g(1). What is the remainder when 64 - (0 - (a - 2*-3)) is divided by 18?
13
Let c be (7/(-14) - -2)*140/6. Suppose -39*p = -44*p + c. Calculate the remainder when 0 + -1 - (-26)/2 is divided by p.
5
Let s(j) = -2*j**2 - 119*j - 199. Calculate the remainder when s(-57) is divided by 9.
5
What is the remainder when 148 is divided by 1 + (-3294)/(-63) - (-4)/(-14)?
42
Suppose 5*b + 3*f = -97, f = -b + 6*f - 25. Let r = b - -39. Calculate the remainder when r is divided by 11.
8
Suppose 5*c - 4*n + 9*n - 11540 = 0, 2*n - 2 = 0. What is the remainder when c is divided by 70?
67
Let g(u) = u**3 + u**2 - 1. Let s(a) = -5*a**3 + 4*a + 7. Let h(z) = 4*g(z) + s(z). Calculate the remainder when -2*(-9)/((-36)/(-184)) is divided by h(4).
16
Suppose 0 = 7*c - 458 - 963. Calculate the remainder when c is divided by 67.
2
Suppose -3*w = -4*v + 2, 2*v + 8 = 3*w + 6. What is the remainder when (2/(-3))/((-2)/6) is divided by w?
0
Suppose -9*d = -4*d - 3*m - 551, 4*m = -2*d + 210. Calculate the remainder when d is divided by 19.
14
Let d = 81 + -12. Suppose 2*y - 28 = 3*v, -5*v + 3*y - 33 = -2*v. Let f = d - v. What is the remainder when f is divided by 19?
18
Suppose 5*i = 2*w - 100 - 235, 4*i - 4 = 0. What is the remainder when w is divided by 59?
52
Suppose 5*a = -g + 567, 8 + 1 = -3*g. Suppose 0*l = -2*l + 46. What is the remainder when a is divided by l?
22
Let f(b) be the first derivative of 2*b**3/3 - 3*b**2/2 + 6*b - 3. What is the remainder when f(-6) is divided by 49?
47
Suppose -8*f = -771 + 83. What is the remainder when 429 is divided by f?
85
Suppose 0 = -2*z + 4*l - 20, 7*z - 2*l = 3*z - 22. What is the remainder when (z + 7)/9*57 is divided by 2?
1
Let i(k) = 0 + k**3 - 7 + 14 + 10*k**2 - 8 - k. What is the remainder when i(-10) is divided by 5?
4
Suppose -14 = -5*q + 1. Suppose q*u = 5*u - 30. Suppose 0 = -6*j + 3 + u. What is the remainder when j is divided by 1?
0
What is the remainder when ((-22)/77)/(2/(-1750)) is divided by 36?
34
Let o(t) = t**3 + t**2 - 15*t + 2. What is the remainder when (-475)/(-20) - 2/(-8) is divided by o(-4)?
10
Suppose 3*z + 183 = 7*z - u, 4*z - 2*u = 186. Suppose 6*i = 10*i - 48. What is the remainder when z is divided by i?
9
Let g = 460 - 457. What is the remainder when 52 is divided by g?
1
Suppose 47 = -3*d - 4*z + 12, d + 3*z = -20. Let n = 14 + 20. What is the remainder when n is divided by d + 20/(-4) + 15?
4
Suppose 27*r + 166 = 1678. Calculate the remainder when r is divided by 12.
8
Suppose -3*s - 510 = -8*s. Calculate the remainder when s is divided by 38.
26
Suppose 2*v - 7*v + 1110 = 2*n, 4*v - 875 = n. What is the remainder when v/8 - (-3)/(-6) is divided by 15?
12
Suppose 900 = 42*d - 276. What is the remainder when 139 is divided by d?
27
Suppose -4*x + 107 = -0*x - k, 2*x - 2*k - 58 = 0. Let j = -62 + 113. What is the remainder when j is divided by x?
25
Let n be (522/6)/(3/8). Let f = -138 + n. Calculate the remainder when f is divided by 24.
22
Let g = 38 + -14. Suppose 3*f = -4*z + 537 - 67, -4*f = -2*z + 224. Calculate the remainder when z is divided by g.
20
Let u = -1027 + 1102. Calculate the remainder when u is divided by 10.
5
Let b be 3443/77 - ((-2)/(-7))/(-1). Suppose 0 = 2*k + 3*t - b, -44 = -2*k - 0*t - 4*t. What is the remainder when 46 is divided by k?
22
Suppose 0 = 2*w - 2*u - 14, 0*u + 9 = w + u. What is the remainder when (5 - 3 - -1) + w is divided by 6?
5
Suppose -80 + 20 = -5*r. Suppose v = 2*v - r. What is the remainder when 34 is divided by v?
10
Let g = -1586 - -1609. What is the remainder when 41 is divided by g?
18
Let n(i) = 39*i + 50. Calculate the remainder when n(4) is divided by 16.
14
Let h(i) = i**3 + 4*i**2 - 7*i - 4. Let b = 21 - 22. Let r be 1*(b + -4) - 0. Calculate the remainder when 11 is divided by h(r).
5
Suppose -6*a - 410 = -5*u - a, 3*a - 222 = -3*u. Calculate the remainder when u is divided by 27.
24
Suppose 218 = 4*n + y - 302, -y + 130 = n. Calculate the remainder when n is divided by 127.
3
Suppose -3*x + 7 = 1. Suppose -x*c = -1 - 3. Calculate the remainder when 3 is divided by c.
1
Let o(q) = -q**3 + 14*q**2 - 26*q - 11. What is the remainder when o(11) is divided by 2*-70*1*2/(-8)?
31
Suppose -31 + 45 = 7*r. Suppose -3*s = 3*o - 54, 2*o + 10 = r*s - 18. What is the remainder when 46 is divided by s?
14
Suppose 3*c + j - 93 = 0, -7*c + 11*c - 124 = 3*j. Calculate the remainder when 89 is div